me number?
False
Let y be 12/42 - 4154/(-14). Let u = -134 + y. Is u prime?
True
Suppose 89*p - 35856 = -19*p. Let v be 4/(-14) - 1339/(-7). Let m = p - v. Is m prime?
False
Let p(j) = 221*j**3 - 2*j**2 - 3. Let x be 2/(-2) - (8 + -11). Is p(x) a composite number?
True
Suppose -114*n + 7443 = -113*n + 5*s, -3*n = s - 22273. Is n a prime number?
False
Suppose -4*x + 2*o + 6675 = -25909, -4*x + 32582 = -3*o. Is x a composite number?
False
Let x = 292 + -144. Is x - ((6 + 2)/4 - -1) a prime number?
False
Suppose 2*k - 33545 = 13193. Is k a prime number?
True
Suppose 2*s = 2*h + 146, 0 = 2*s + 3*s - 2*h - 371. Let i = -49 + s. Is i prime?
False
Let y(n) = -n**3 + 10*n**2 - 8*n + 7. Let w be y(9). Let a = -12 + w. Is (-576 - -3)/((-6)/a) prime?
False
Suppose 0 = 5*w - 2*w + 4*x - 17, -5*w - x = -17. Suppose 0*i - w*i + 4 = l, -i - 4 = 3*l. Let s(q) = 16*q + 3. Is s(i) prime?
False
Let d = -6 - -7. Let u be 2*-53*(d - 5). Let i = -191 + u. Is i composite?
False
Let k = 453 - 457. Suppose 0 = -0*n + 2*n - 126. Let h = k + n. Is h a composite number?
False
Let t = -3613 + 5063. Suppose 10*i - 1435 = 5*i. Suppose 5*q - t = -5*l, -l + 0*l + i = 4*q. Is l a composite number?
True
Let o = 4543 - 2834. Is o a composite number?
False
Let u = 468 + -209. Is u a composite number?
True
Is (44/16)/11 - 28203/(-4) a composite number?
True
Is (-286)/26 - 293082/(-3) composite?
True
Let d(a) = -3*a**3 - 28*a**2 + 22*a - 44. Is d(-19) a composite number?
False
Suppose -9*h + q = -10*h + 1155, -4*h - 2*q = -4612. Is h prime?
True
Suppose -s + 54 = -59. Let j = s + -266. Let g = 376 + j. Is g a prime number?
True
Let v be (-6)/(-3) + (-1 + 2 - -2). Suppose v*s - 4*y - 4342 = -7*y, 5*s - y = 4346. Is s prime?
False
Let d(k) = k**3 + 11*k**2 + 9*k - 11. Let j be d(-10). Is ((-778)/4)/(j/2) a composite number?
False
Suppose 0 = 4*r + 2*r - 42. Suppose 6*p + 82 = r*p. Is p a composite number?
True
Let h(g) = 2*g**2 - 4*g - 1. Let c(k) = k**2 + 7*k + 7. Let l be c(-6). Let j be -21*(2/(-6))/l. Is h(j) a composite number?
True
Let q be 2200/6 - (-28)/(-42). Suppose 5*n - q = 1849. Is n a composite number?
False
Let z be 28 - ((-2)/(-1) + 0). Suppose y = 93 - z. Is y prime?
True
Suppose 0 = -5*d - m + 26, -d + 4 = 2*m - 3. Suppose -39 = d*v - 709. Is v a prime number?
False
Is (19830/(-24) - 6)/(1/(-4)) a composite number?
False
Suppose 4*c + 2167 = 15*c. Let t be -1 + (-1)/(1/(-5)). Suppose o + r = 4*r + c, -770 = -t*o + 3*r. Is o a prime number?
True
Suppose 0 = w - y + 19, 4*y = -3*w - 2*w - 113. Let g be w/(-6) - (-3)/(-2). Is g*(-1)/2*-211 composite?
False
Let r be ((-2101)/3 + 1)/(1/(-3)). Let i = r - 1107. Is i prime?
True
Suppose -198486 = 29*r - 47*r. Is r a prime number?
True
Let l be 54/(-6)*4/(-3). Let j be 2631/l + 12/16. Suppose 0 = -k - 3*k + j. Is k a prime number?
False
Let g(r) = r**2 - r + 7. Let n be g(3). Suppose -a = -2*w + n + 33, -40 = -2*w - 2*a. Is w prime?
False
Let m = -93093 - -159606. Is m a prime number?
False
Let d(h) = 9*h**3 + 3*h**2 + 5*h + 5. Let l be d(-5). Is l/(-8) + 5/20 prime?
False
Let i = -456 + 672. Suppose 5*p + 10 = 0, p = -3*b + b + i. Is b composite?
False
Let r(u) = u**2 + 2. Let q be r(4). Suppose 6 = b - 3*n, 5*b + 2*n - 5*n - q = 0. Is (119 + -2)/b - 2 a composite number?
False
Let b(k) = -106*k + 23. Let i(n) = -213*n + 46. Let f(z) = -7*b(z) + 4*i(z). Is f(-12) composite?
True
Suppose 1272 = -2*s + 6*s. Is 34/51*s/4 a composite number?
False
Is (8 - (-48)/(-6)) + 5357 a prime number?
False
Suppose -3*j + 15 = -57. Suppose v = -2*v - j. Is (-1 - 3)*226/v prime?
True
Let u = 88 - -603. Is u a prime number?
True
Let a be (19/3 + -3)*(-6)/(-5). Is 5020/15*6/a a composite number?
True
Let l = 11614 + -2013. Is l composite?
False
Let t = -3 - -2. Let m be ((-4)/10)/(t/200). Let v = 207 - m. Is v a prime number?
True
Suppose -6*j = -5*j - 2. Let x = -156 + 751. Suppose -j*w = 3*w - x. Is w prime?
False
Let h(p) = -7 - p**3 + 4 + 1 + p + 0 + 4*p**2. Let c be h(4). Suppose -4*k - 4*u + 3*u + 569 = 0, c*k + 2*u = 292. Is k composite?
True
Let v(w) = 18*w - 1. Let m = 20 - 17. Is v(m) prime?
True
Let g(y) be the third derivative of 5*y**4/12 + 29*y**3/6 - 17*y**2. Is g(18) a composite number?
True
Suppose 492 = -9*g - 3*g. Let r be -1 + 134/1 + -1. Let s = r + g. Is s a composite number?
True
Let h be (5/(-2))/(4/120). Is 15/h - ((-5722)/10 + 1) a prime number?
True
Let x be (-32)/(-10) + (-3)/15. Let f(z) = 16*z - 3. Let q be f(x). Is 2/(-10) - (-2214)/q composite?
True
Let i(h) = -h**3 + 57*h**2 - 243*h - 46. Is i(43) composite?
False
Suppose 109*g - 114*g + 2*a + 194815 = 0, g = a + 38960. Is g composite?
True
Suppose 0 = q - 113 - 13. Let l = q + 205. Is l prime?
True
Let a(z) = 2*z**3 - 4*z**2 + 4*z - 4. Let n be a(2). Suppose -4*c = -r, 0 = 4*c - r + n*r. Suppose c = -k + 16 + 21. Is k a composite number?
False
Suppose -5*x + v = 2*v - 15896, 2*x - 6380 = 5*v. Suppose 0 = -d - 4*d + x. Suppose -d + 2324 = 4*n. Is n composite?
True
Let z(k) = -k**3 - 7*k**2 - 9*k - 1. Let s be z(-8). Suppose 2*v + 26 + 6 = 0. Let y = s + v. Is y a composite number?
True
Let r be 177 - ((-8)/(-2))/4. Let l = 66 - -53. Let d = r - l. Is d prime?
False
Let p(z) = z - 2. Suppose 0*q - 4*q = -8. Let h be p(q). Suppose h*a + 5*l - 513 = -4*a, -5*a = -5*l - 630. Is a prime?
True
Suppose -348 = -4*o + 96. Suppose w - o - 38 = 0. Is w composite?
False
Suppose -6*h + 13497 = -1977. Is h prime?
True
Suppose n = -0*n + 168. Let a = 50 - -69. Let s = n - a. Is s a composite number?
True
Let d(o) = 13*o + 21. Let m(y) = y + 3. Let j be m(-3). Suppose j = -3*n + 2*n + 12. Is d(n) a composite number?
True
Let n = -95 + 3760. Is n composite?
True
Let m be (-6)/21 + 4/14. Let k be (m + (-6)/4)*-2. Suppose -5*z = 25, -2*d + k*z + 21 + 20 = 0. Is d composite?
False
Let z = -36 + 32. Let m = z + 78. Is m composite?
True
Suppose 18 - 62 = o. Let f be 38/8 - (-33)/o. Suppose -f*u = -6039 + 1331. Is u prime?
False
Let o be (6 + -7)/(2/8). Is -402*((-16)/(-12))/o a composite number?
True
Let o(r) = -10*r**2 + 2*r + 1. Let w be o(-1). Let k = w + 19. Suppose x - 2*g = 201, k*g = -5*x + 3*g + 1080. Is x a prime number?
True
Let o(y) = -y**2 + 6*y - 2. Let f be o(5). Suppose -10*d + 8*d = 0. Suppose d = -f*n + 460 - 127. Is n a composite number?
True
Let z(u) = 22147*u - 1380. Is z(7) composite?
False
Suppose 16*k - 124678 = -36662. Is k a prime number?
True
Is ((-2342)/(-8) - 0)*1288/46 a composite number?
True
Let q = 1595 - -1466. Is q a prime number?
True
Suppose 41*o + 10003 - 51126 = 0. Is o prime?
False
Suppose -3*m - 2*r + 10 = 0, m - 4*r = -3*m. Suppose -4*a - 390 = -m*g, 2*g + 2*g = 4*a + 764. Let f = g + 604. Is f prime?
False
Let t be ((-18)/9)/((-4)/3290). Suppose -2*p + t = -3*w + 2*w, 3287 = 4*p - w. Is p composite?
False
Is (-41)/(574/(-28)) + (5243 - 0) prime?
False
Let l(f) = -5*f**2 - 16*f + 1. Let h(d) = -6*d**2 - 17*d + 1. Let k(g) = 6*h(g) - 7*l(g). Let t be k(9). Is 2653/28 + 2/t composite?
True
Suppose 4081 = -2*d + 9*d. Is d a composite number?
True
Suppose 2*i + 4 = -18. Let s(c) = -192*c - 13. Is s(i) prime?
True
Let o = -3 - -3. Suppose -2*m = 4*t + 24, o = m + 2*t - 7*t + 5. Is ((-30)/m)/(3/97) composite?
False
Let q = -2 + 0. Let y be (-2 + 0)/(q/(-32)). Let n = 117 - y. Is n a prime number?
True
Let z be ((-4)/8*4*14)/(-2). Is 4*z/5 + 9/(-45) prime?
True
Let s = 26816 + -11863. Is s composite?
True
Let a = 10945 - 7658. Suppose 3111 = 2*o - a. Is o a composite number?
True
Let m(w) = -1435*w - 247. Is m(-27) composite?
True
Let n = 381 + -267. Is ((-28)/12)/((-2)/n) a composite number?
True
Let x be (8/5)/(4/(-20)). Let p(s) = 38*s**2 - 7*s - 10. Let n be p(x). Suppose -4*c + n - 346 = 0. Is c a prime number?
False
Suppose 4*d - 6*d - 8 = 0. Let b be (-6)/d*8/6. Is 0 - (-77 - b)*1 a composite number?
False
Let i(a) = -2*a**3 + a + 5. Let k be i(0). Suppose 4*j - 2*s = 5342, k*j - 6*j - s + 1340 = 0. Is j a prime number?
False
Suppose -11 = -2*h - 2*z - 29, 0 = -z. Let l = -23 - h. Let m = -4 - l. Is m a prime number?
False
Let r(j) = -2*j**3 + 36*j**2 + 6*j - 39. Is r(17) a prime number?
True
Suppose 2*a = -2, -5*k = -3*k + a - 451. Suppose f - 661 = k. Is f composite?
False
Suppose 36 = 7*z - 10*z. Let y be (-8)/z*6 - -35. Suppose -2*